Let y = -103 - -124. Let i(c) = 51 + 2*c + 5*c**2 - 27 - 4*c**2 - y. What is i(-3)?
6
Suppose 48 = 3*j + 3*q, j - 3*q + q = 16. Let a(s) be the second derivative of s**4/12 - 17*s**3/6 + 8*s**2 + s + 119258. Calculate a(j).
0
Suppose -2*u + 2*s = 3*s - 9, -s - 1 = 0. Suppose -74 = -u*c - 84. Let g(k) = k + 3. Determine g(c).
1
Suppose 0 = -9*h + 40 - 4. Suppose 17*n - h = 13. Let r(o) = -7*o - 1 - 5*o + 0. Calculate r(n).
-13
Let o(q) = 13*q - 6. Let t(y) = -y. Let a(m) = o(m) - 2*t(m). Let n(j) = -7*j + 3. Let s(i) = -6*a(i) - 13*n(i). Suppose -w - w = -w. Calculate s(w).
-3
Let j(p) = -p**3 - 14*p**2 - p + 7. Let u = -1196 + 1182. Determine j(u).
21
Let v(g) = -35*g - 217. Let y(b) = -71*b - 380. Let h(m) = -7*v(m) + 4*y(m). Give h(-1).
38
Let h(g) = -2*g**2 + 5*g**2 + 11 + 18*g - 14*g - 4*g**2. What is h(10)?
-49
Let h(d) = -d**3 - 3*d**2 + 5*d + 1. Let m = -7621 - -7618. Give h(m).
-14
Let q(y) be the third derivative of -7*y**4/6 + y**3/3 + 1509*y**2. What is q(2)?
-54
Let i(v) = -11*v**2 + 13*v. Let g(r) = 14*r**2 - 19*r + 1. Let z(y) = -4*g(y) - 5*i(y). Calculate z(9).
14
Let s(d) = 200*d + 25 - 202*d - 31. Let c(w) = 4*w. Let k(h) = 3*h. Let b(n) = -5*c(n) + 6*k(n). Let i be b(4). Give s(i).
10
Suppose -7*g = -11*g - 520. Let o = g - -133. Let x(b) = -b**3 + 3*b**2 + 3*b. Give x(o).
9
Suppose 2*z = 3*v + 14, 4*z + 16 = -4*v - v. Let f(c) = -z + 1 - 9*c + 8*c - 5. What is f(-10)?
5
Let v(q) be the second derivative of 1/3*q**3 - 6*q**2 + 0 - 24*q. Give v(9).
6
Let l(w) = 6398*w**3 - 3202*w**3 - 3197*w**3 - 10*w - 14*w**2 + 9 - 8. Give l(-13).
-38
Suppose 4*m = 79 - 23. Let t be 306/(-7) + (-4)/m. Let v = t - -49. Let w(l) = l**2 - 6*l - 5. Calculate w(v).
-10
Let n(l) = -7*l**2 + 2*l**3 + 2327 - 2326 - 7*l**2 + 17*l**2 - 3*l. Suppose -3*s + 3 = -q - s, 0 = -q + 3*s - 3. Determine n(q).
-17
Let k(y) = 1. Let f(j) = 4*j + 3. Let z(s) = 3*s + 1. Let w(o) = -4*f(o) + 5*z(o). Let g(c) = 33*k(c) + 6*w(c). Calculate g(-3).
9
Let h(y) = y**2 - 5*y - 2. Let w be (24/(-4))/(-2) - (-9)/9. Calculate h(w).
-6
Let u(c) = -190*c - 46. Let d(t) = 68*t + 15. Let p(f) = 14*d(f) + 5*u(f). Let q = -69 - -76. What is p(q)?
-6
Let g(m) = m**3 - 10*m**2 + 8*m + 9. Let z(c) = -c**3 + 18*c**2 - 35*c - 21. Let o be z(16). Let x be (-63 - o)*(-3)/(-2). Determine g(x).
0
Let n(w) = -w**2 + 4*w. Let c be 22 + 0 - (-135)/(-27). Suppose -c*y = -9*y - 24. Suppose -5*h - 11 - 14 = 0, -32 = -y*a + 4*h. What is n(a)?
0
Suppose 25*u + 12 = 27*u, -3*r = -5*u + 36. Let k(w) = 2*w**3 + 4*w**2 + 12*w + 15. Give k(r).
-9
Let q(f) = 7 + 1281*f - 3845*f - 6*f**2 + 1281*f + 1288*f - 3*f**3. What is q(-3)?
19
Let b(i) = i**2 - 11*i - 13. Let u(f) = -3*f**2 + 33*f + 40. Let c(y) = -7*b(y) - 2*u(y). Let r = 804 - 792. Determine c(r).
-1
Let v(w) = 309*w**3 + 3*w**2 - 2*w - 4. Let r be v(-1). Let l = -310 - r. Let p(u) = 3*u**3 - u**2 - 4*u - 3. Calculate p(l).
-23
Let d(a) = -a**3 + 5*a**2 + 4*a + 4. Suppose 39*g - 15*g = -13*g + 185. Give d(g).
24
Suppose -2*p - 5*b - 4 = 0, -2*p + 22 = 2*p - 5*b. Let w(u) = 156*u**3 + 4*u**2 - 153*u**p + 3*u + 13 - 12. Determine w(-2).
-13
Let o(l) = -6*l**3 - 4*l**2 - 3*l. Let p = -8153 - -8151. Determine o(p).
38
Let o(r) = 5*r + 8016 - 16004 + 8008. Give o(-9).
-25
Let v(s) = s**2 - s - 5. Let x(t) = -12*t - 149. Let l be x(-13). Suppose -2*q - 10 = 5*z, q + 15 = 2*z - l*z. What is v(q)?
15
Let h(y) = 10*y**3 + y**2 + 7*y - 7. Let p = 11619 + -11618. What is h(p)?
11
Let a(u) = u**2 - 2*u - 1. Let n(m) = m - 1. Let j = 8 + -9. Let r(l) = j*a(l) + 3*n(l). Determine r(2).
4
Let y be (-3)/(-4)*5 + (-4)/(-16). Suppose 3*u = y*k - 16, -5*u = 3*k + 2*k + 15. Let q(n) = n**2 - 3*n + 1. What is q(k)?
-1
Let j(s) be the first derivative of s**3/3 + 5*s**2/2 - s - 7398. Let k(n) = -n**3 + n**2 - n. Let w be (-1)/((-15)/(-6) - 3). Let z be k(w). What is j(z)?
5
Let s(z) = z - 24. Let v be s(26). Let u(w) = w**3 - w**2 - 3*w + 2. Determine u(v).
0
Suppose 2*f = -5*f - 1155. Let r = -162 - f. Let x(g) = -4*g + 5. Determine x(r).
-7
Let z(r) = -36*r**3 + r**2 - r - 80*r**3 + 117*r**3. Let b be (-4)/((-8)/(2 + 2)). Let u(v) = -2*v**2 + 2*v + 1. Let l be u(b). Determine z(l).
-15
Let b(k) = -18*k**3 - k**2 + 5*k + 5. Let a(l) = -17*l**3 - l**2 + 4*l + 4. Let o(i) = -4*a(i) + 3*b(i). Let c be 4/6*(1 + 120/(-16) - -5). Give o(c).
-13
Let d(z) = -z**3 + 14*z**2 + 15*z + 5. Let w be d(15). Suppose -3*n - 5*q + q - 6 = 0, -4*n + w*q = 8. Let a(u) = -3*u + 2. What is a(n)?
8
Let g(v) be the third derivative of v**6/120 - v**5/60 + v**4/4 + v**3/3 - 4*v**2 - 109*v + 3. What is g(-4)?
-102
Let k(v) = 4. Let q(n) = n - 1. Let c be -58 - (-5 - (4 + -4)). Let j = c + 51. Let o(l) = j*k(l) - 8*q(l). Give o(-1).
8
Suppose 4*k + g - 9 = 0, -14*g + 17*g = 2*k + 13. Let v(d) be the third derivative of d**5/15 - d**4/24 - d**2. Give v(k).
3
Let q = 82 - 67. Suppose q - 10 = -i. Let s(f) = -f**2 - 7*f + 3. Let a(g) = -g**2 - 8*g + 4. Let k(h) = i*a(h) + 6*s(h). What is k(-3)?
-5
Let j = -948 - -952. Let o(a) = 29*a + 27*a - a**2 - 52*a + 2. What is o(j)?
2
Let m(y) = 7*y**2. Let a(s) = s**3 + 20*s**2 - 21*s + 4. Let c be a(-21). Let d = -2 + c. Suppose 0 = d*b + 7 - 5. Determine m(b).
7
Let v(l) = -l - 23. Let b(w) = 35. Let n(s) = 2*b(s) + 3*v(s). Suppose -3*m - 3 = -5*a - 22, -3*m = 4*a - 1. Let d be a/4*1*4. Calculate n(d).
7
Let h = -302 - -304. Let i be ((-17)/h + 8)/((-1)/(-6)). Let q(v) be the third derivative of v**6/120 + v**5/20 + v**4/24 + 2*v**2. Determine q(i).
-3
Let z(j) = -j + 1. Let m(f) = -6. Let p(b) = -m(b) - 8*z(b). Let t(w) = -2*w**3 + 14*w**2 + 14*w + 20. Let o be t(8). What is p(o)?
30
Let t(h) = 150 + 131 + 108 + 136 - h - 461. Give t(64).
0
Let j(v) = -12*v + 34*v + 50 - 93 + 68. Give j(-1).
3
Let h(a) = 2*a + 2*a**2 - 17 + 41 - 23 - 17. What is h(3)?
8
Suppose -8*r + 21 = -15*r. Let v = 13 - r. Let x(o) = 13*o**3 + 6*o - 4*o**2 + v*o**3 - 30*o**3 - 5. What is x(-5)?
-10
Let p(j) be the second derivative of -j**6/240 + 13*j**5/120 - 7*j**4/12 + j**2/2 - 2*j + 5. Let z(h) be the third derivative of p(h). Give z(9).
-14
Let s(h) be the third derivative of 0 - 1/24*h**4 + 5*h**2 - 1/120*h**6 - 1/6*h**3 - 24*h + 1/12*h**5. Determine s(2).
9
Suppose 0*g - 4*g + 12 = 0. Let l(y) be the first derivative of -1/4*y**4 - y - 414 + 1/3*y**3 + 3/2*y**2. Calculate l(g).
-10
Suppose 2*r = 106 + 26. Let n = r - 65. Let w(p) = 5 + 58*p**3 + n - 2 - 57*p**3 - 3*p**2 + p. What is w(3)?
7
Let q be 2*-3 - (-5 - -2). Let t be q*(4/12 + (3 - 4)). Let f(m) = m**t + 725 - 2*m - 723 + 6*m - 2*m**2. Give f(5).
-3
Let z(a) = -a**3 - 18*a**2 - 19*a - 27. Suppose -1037 = 9*x + 20*x + 32*x. Calculate z(x).
7
Suppose g - 3*c = -g - 15, -3*g + 5*c = 24. Let t(w) = -5*w**2 - 3*w - 2. Let x(k) = 2*k**2 - k + 1. Let z(s) = t(s) + x(s). Give z(g).
-16
Let t(q) = -31*q**2 + 16*q + 5. Let n(z) = -17*z**2 + 2*z + 1. Let i(r) = -2*n(r) + t(r). Determine i(-2).
-9
Let a(h) = 2*h + 44. Let f(u) = u + 2. Let q(z) = -a(z) - f(z). Let w be q(-15). Let l(j) = 3*j. Give l(w).
-3
Let p(m) = -m**3 + 3*m**2 - 2*m + 1. Suppose -w + 116 = 5*k, 0 = 3*w + 3 + 9. Suppose -18 = -14*n + k. Calculate p(n).
-5
Let n(i) = i**2 + 9*i + 24. Let b be n(-7). Suppose -b*p - 4 = -54. Suppose p*j + 18 = -2. Let z(t) = -t**3 - 2*t**2 + 4*t - 5. Calculate z(j).
11
Let w(y) = -427 + 715 - 54*y - 283. What is w(1)?
-49
Let l(v) = -11*v - 3. Let h(q) = 24*q + 5. Let a(w) = 2*h(w) + 5*l(w). Let f(g) = 3*g + 2. Let r = 18 + -16. Let d(i) = r*a(i) + 5*f(i). Give d(1).
1
Let s(v) = -v + 2. Let r(w) be the second derivative of w**4/12 - w**2 + 3*w + 13. Suppose 4*q = 4*t, -q - q - 6 = t. Let h be r(q). Determine s(h).
0
Let b(u) be the third derivative of -5*u**4/24 - 14*u**3/3 + 189*u**2 - 2*u - 2. Calculate b(0).
-28
Let q = 43 + -40. Suppose -3*d - t - t + 135 = 0, 4*d + q*t = 180. Suppose 0 = -5*o - 15 + d. Let j(s) = s**2 - 8*s + 7. Determine j(o).
-5
Let c(p) = -2*p**2 + p + 1. Let t(k) be the third derivative of k**6/120 - k**5/30 + k**4/24 - k**3/6 - 78*k**2. Let q(s) = -c(s) + t(s). Give q(2).
6
Let t = 14766 + -14784. Let h(x) = -2*x**2 - 40*x - 59. Determine h(t).
13
Let c(j) = -3*j**2 + 3*j - 9. Let s(d) = 8*d**2 - 10*d + 26. Let x be (5/(-5))/(1/2). Let u = x - -6. Let k(r) = u*s(r) + 11*c(r). Determine k(-8).